{"id":3,"date":"2018-10-25T14:12:15","date_gmt":"2018-10-25T14:12:15","guid":{"rendered":"https:\/\/www.piscinacomunaleriva.it\/?page_id=3"},"modified":"2021-05-04T09:56:16","modified_gmt":"2021-05-04T09:56:16","slug":"privacy-policy","status":"publish","type":"page","link":"https:\/\/piscinacomunaleriva.it\/?page_id=3","title":{"rendered":"Privacy Policy"},"content":{"rendered":"<p style=\"text-align: justify;\">A seguito della consultazione di questo sito possono essere trattati dati relativi a persone identificate o identificabili. Titolare del loro trattamento \u00e8 la societ\u00e0 Altogarda Parcheggi e Mobilit\u00e0 Srl con sede a Riva del Garda (TN), Via C.H Von Hartungen, 4.<\/p>\n<p>&nbsp;<\/p>\n<h2 style=\"text-align: center;\">FINALIT\u00c0 DEL TRATTAMENTO<\/h2>\n<p style=\"text-align: justify;\">I trattamenti connessi alla navigazione su questo sito hanno come fine quello di permettere la consultazione dei contenuti e favorire l\u2019accesso agli eventuali servizi erogati. Non raccogliamo nessun tipo di dato che possa rivelare la tua origine razziale o etnica, le opinioni politiche, le convinzioni religiose o filosofiche, l\u2019appartenenza sindacale, dati genetici, dati biometrici, dati relativi alla salute o alla vita sessuale o all\u2019orientamento sessuale e ti invitiamo a non voler utilizzare questo sito per l\u2019eventuale invio di tali informazioni.<\/p>\n<p>&nbsp;<\/p>\n<h2 style=\"text-align: center;\">MODALIT\u00c0 DEL TRATTAMENTO<\/h2>\n<p style=\"text-align: justify;\">I dati personali sono trattati con strumenti automatizzati per il tempo strettamente necessario a conseguire gli scopi per cui sono stati raccolti. Specifiche misure di sicurezza sono osservate per prevenire la perdita dei dati, usi illeciti o non corretti ed accessi non autorizzati.<\/p>\n<p>&nbsp;<\/p>\n<h2 style=\"text-align: center;\">BASE GIURIDICA DEL TRATTAMENTO<\/h2>\n<p style=\"text-align: justify;\">I dati personali che raccogliamo con il presente sito sono trattati per dare esecuzione ad un contratto di cui l\u2019interessato \u00e8 parte o, se necessario, per adempiere ad obblighi di legge.<\/p>\n<p>&nbsp;<\/p>\n<h3><em>Dati di navigazione<\/em><\/h3>\n<p style=\"text-align: justify;\">I sistemi informatici e le procedure software preposte al funzionamento di questo sito web acquisiscono, nel corso del loro normale esercizio, alcuni dati personali la cui trasmissione \u00e8 implicita nell&#8217;uso dei protocolli di comunicazione di Internet. Si tratta di informazioni che non sono raccolte per essere associate a interessati identificati, ma che per loro stessa natura potrebbero, attraverso elaborazioni ed associazioni con dati detenuti da terzi, permettere di identificare gli utenti. In questa categoria di dati rientrano gli indirizzi IP o i nomi a dominio dei computer utilizzati dagli utenti che si connettono al sito, gli indirizzi in notazione URI (Uniform Resource Identifier) delle risorse richieste, l&#8217;orario della richiesta, il metodo utilizzato nel sottoporre la richiesta al server, la dimensione del file ottenuto in risposta, il codice numerico indicante lo stato della risposta data dal server (buon fine, errore, ecc.) ed altri parametri relativi al sistema operativo e all&#8217;ambiente informatico dell&#8217;utente. Questi dati potrebbero essere utilizzati al solo fine di ricavare informazioni statistiche anonime sull&#8217;uso del sito e per controllarne il corretto funzionamento e vengono cancellati immediatamente dopo l&#8217;elaborazione.<\/p>\n<p>&nbsp;<\/p>\n<h3><em>Dati forniti volontariamente dall&#8217;utente<\/em><\/h3>\n<p style=\"text-align: justify;\">Il conferimento di dati personali nei form presenti su questo sito e l&#8217;invio facoltativo, esplicito e volontario posta elettronica agli indirizzi indicati su questo sito comporta la successiva acquisizione degli stessi da parte del titolare per fornire un riscontro all\u2019interessato. Specifiche informative sono riportate nelle pagine del sito predisposte per particolari servizi a richiesta dell\u2019utente.<\/p>\n<p>&nbsp;<\/p>\n<h3><em>Cookies<\/em><\/h3>\n<p style=\"text-align: justify;\">Per ogni informazione si veda cookie policy pubblicata in home page.<\/p>\n<p>&nbsp;<\/p>\n<h2 style=\"text-align: center;\">DESTINATARI<\/h2>\n<p style=\"text-align: justify;\">I dati acquisiti non sono diffusi n\u00e9 ceduti a terzi. Ad essi potranno avere accesso fornitori di servizi strumentali per il funzionamento del sito o l\u2019erogazione dei servizi ivi allocati nominati quali responsabili. Il loro elenco \u00e8 accessibile mediante richiesta al titolare.<\/p>\n<p>&nbsp;<\/p>\n<h2 style=\"text-align: center;\">TRASFERIMENTO EXTRA UE<\/h2>\n<p>I dati raccolti non sono trasferiti extra UE.<\/p>\n<p>&nbsp;<\/p>\n<h2 style=\"text-align: center;\">ESERCIZIO DEI DIRITTI E RICHIESTA DI INFORMAZIONI<\/h2>\n<p style=\"text-align: justify;\">Ciascun interessato pu\u00f2 esercitare i diritti definiti dal Regolamento UE 16\/679 (accesso, rettifica, oblio, cancellazione, limitazione, portabilit\u00e0, opposizione) mediante comunicazione inoltrata al titolare anche tramite la seguente mail: piscina@altogarda-parcheggi.it. Le coordinate di contatto dell\u2019autorit\u00e0 di controllo sono le seguenti: urp@gdp.it. Il responsabile per la protezione dei dati personali \u00e8 contattabile all\u2019indirizzo avvmatteograzioli@puntopec.it.<\/p>\n","protected":false},"excerpt":{"rendered":"<p>A seguito della consultazione di questo sito possono essere trattati dati relativi a persone identificate o identificabili. Titolare del loro trattamento \u00e8 la societ\u00e0 Altogarda Parcheggi e Mobilit\u00e0 Srl con sede a Riva del Garda (TN), Via C.H Von Hartungen, 4. &nbsp; FINALIT\u00c0 DEL TRATTAMENTO I trattamenti connessi alla navigazione su questo sito hanno come &#8230; <a title=\"Privacy Policy\" class=\"read-more\" href=\"https:\/\/piscinacomunaleriva.it\/?page_id=3\" aria-label=\"Per saperne di pi\u00f9 su Privacy Policy\">Leggi tutto<\/a><\/p>\n","protected":false},"author":1,"featured_media":0,"parent":0,"menu_order":0,"comment_status":"closed","ping_status":"closed","template":"","meta":{"footnotes":""},"class_list":["post-3","page","type-page","status-publish"],"_links":{"self":[{"href":"https:\/\/piscinacomunaleriva.it\/index.php?rest_route=\/wp\/v2\/pages\/3","targetHints":{"allow":["GET"]}}],"collection":[{"href":"https:\/\/piscinacomunaleriva.it\/index.php?rest_route=\/wp\/v2\/pages"}],"about":[{"href":"https:\/\/piscinacomunaleriva.it\/index.php?rest_route=\/wp\/v2\/types\/page"}],"author":[{"embeddable":true,"href":"https:\/\/piscinacomunaleriva.it\/index.php?rest_route=\/wp\/v2\/users\/1"}],"replies":[{"embeddable":true,"href":"https:\/\/piscinacomunaleriva.it\/index.php?rest_route=%2Fwp%2Fv2%2Fcomments&post=3"}],"version-history":[{"count":5,"href":"https:\/\/piscinacomunaleriva.it\/index.php?rest_route=\/wp\/v2\/pages\/3\/revisions"}],"predecessor-version":[{"id":817,"href":"https:\/\/piscinacomunaleriva.it\/index.php?rest_route=\/wp\/v2\/pages\/3\/revisions\/817"}],"wp:attachment":[{"href":"https:\/\/piscinacomunaleriva.it\/index.php?rest_route=%2Fwp%2Fv2%2Fmedia&parent=3"}],"curies":[{"name":"wp","href":"https:\/\/api.w.org\/{rel}","templated":true}]}}